+ -1?
409a05545
In base 8, what is 32 - 7104065?
-7104033
In base 9, what is 47 + -11340173?
-11340125
In base 16, what is 69243d + 23?
692460
In base 9, what is -2341038 + 12?
-2341026
In base 15, what is 6a581a + -5?
6a5815
In base 3, what is 2002011120211 + -101?
2002011120110
In base 4, what is -10 + -12002131321?
-12002131331
In base 12, what is 1b2 + -120b2?
-11b00
In base 10, what is -17462 - 19839?
-37301
In base 3, what is 22002000220011 + -220?
22002000212021
In base 4, what is 222031111311 + 1133?
222031113110
In base 8, what is -136441 - -11136?
-125303
In base 2, what is 100001001001010011101 + -100?
100001001001010011001
In base 14, what is -23311 + 880?
-22871
In base 7, what is 64542044643 + 0?
64542044643
In base 12, what is 51 + -170b8?
-17067
In base 10, what is 54 - -1893093?
1893147
In base 14, what is 8d8ca1 + 11d?
8d8dc0
In base 2, what is 10001100111101000000 + -111?
10001100111100111001
In base 14, what is -b119 - -7c?
-b07b
In base 8, what is -162536433 - -3?
-162536430
In base 2, what is -1111100 + 110001001010000011011?
110001001001110011111
In base 2, what is -11010111110001 + -10010111?
-11011010001000
In base 10, what is -103 - -86549?
86446
In base 16, what is 200284 + -24?
200260
In base 10, what is 4 - 3403649?
-3403645
In base 8, what is 22 - -36267602?
36267624
In base 3, what is 221 - -1001201211110000?
1001201211110221
In base 7, what is -10030 - 162456?
-202516
In base 10, what is -1257055 - -118?
-1256937
In base 7, what is -1 - 165140304?
-165140305
In base 7, what is -2060432 - 160?
-2060622
In base 15, what is -158 - -7765?
760c
In base 2, what is -101000110010011 - -11010000100?
-100101100001111
In base 14, what is 564 - b46?
-5c2
In base 12, what is -2351 - 854?
-2ba5
In base 8, what is -1554 + 253670?
252114
In base 10, what is -4 + -6851804?
-6851808
In base 10, what is 51184 - 4009?
47175
In base 11, what is 75008223 + 3?
75008226
In base 12, what is -3 + -2581b641?
-2581b644
In base 2, what is -11011100101 + 101100110000001000?
101100010100100011
In base 3, what is 102122110012002 - 12021?
102122102222211
In base 16, what is -2 - 4f067f?
-4f0681
In base 3, what is -200221222120 + 102?
-200221222011
In base 7, what is 2440 - 30446?
-25006
In base 14, what is -5 + 25ab494?
25ab48d
In base 14, what is -a1 + 8252?
8191
In base 12, what is -1 + -19654092?
-19654093
In base 3, what is 0 - -1120111001122101?
1120111001122101
In base 11, what is 29995 - -54?
29a39
In base 7, what is 146443102 + 16?
146443121
In base 5, what is 0 - -3104320311?
3104320311
In base 12, what is 498795 - 241?
498554
In base 8, what is 16 - -12157153?
12157171
In base 8, what is 1112 + -25140?
-24026
In base 10, what is 8030 - 162?
7868
In base 15, what is 692e - 52d5?
1649
In base 11, what is 3 - 2646831?
-2646829
In base 7, what is 113 - 200235505?
-200235362
In base 2, what is 100110101110100000101010 - -110?
100110101110100000110000
In base 7, what is -23463 + -242510?
-266303
In base 9, what is 21403 - -176?
21580
In base 6, what is -2035 - 1220122?
-1222201
In base 8, what is 1362416 + -1524?
1360672
In base 11, what is -1704 - -9827?
8123
In base 13, what is -c - a24a606?
-a24a615
In base 3, what is -10011022122212 - -11?
-10011022122201
In base 13, what is 4 + 9b7061?
9b7065
In base 14, what is 4 + 23a5c47?
23a5c4b
In base 4, what is 201103 + 10230001?
11031110
In base 14, what is 156a - -8a3b?
a1a7
In base 16, what is 4eb5bbb - -4?
4eb5bbf
In base 11, what is 853 + -103007?
-102264
In base 16, what is 190962 - 8?
19095a
In base 4, what is -20 - 3122232031?
-3122232111
In base 13, what is -3 - -261650?
26164a
In base 3, what is 11221020102100 + -10?
11221020102020
In base 6, what is 1543435145 + 5?
1543435154
In base 14, what is -1 - -2cb264?
2cb263
In base 5, what is 1422 - 12310244?
-12303322
In base 11, what is -2464a18 + -5?
-2464a22
In base 14, what is -4 - 12507c27?
-12507c2b
In base 6, what is 54313100430 + -3?
54313100423
In base 7, what is -10 - 131304364?
-131304404
In base 2, what is 110000010110000 + -10100011001?
101101110010111
In base 11, what is -3232861 + 15a?
-3232702
In base 6, what is -240332 - 32452?
-313224
In base 12, what is 1 + -824ab070?
-824ab06b
In base 6, what is -24302 + -452442?
-521144
In base 4, what is -1212323 - 1020112?
-2233101
In base 3, what is -2201210012010 - -22?
-2201210011211
In base 6, what is -445413405 - -4?
-445413401
In base 10, what is -496473 + 5?
-496468
In base 14, what is 280a3 - -52?
28115
In base 2, what is 1111011010111000010000110 + -10?
1111011010111000010000100
In base 6, what is -1 + -212005042?
-212005043
In base 9, what is 5 + 3787306?
3787312
In base 5, what is 1221200124 + -20?
1221200104
In base 14, what is -1 - 3a7dc16?
-3a7dc17
In base 8, what is -5046 + 22542?
15474
In base 8, what is 110 - -1644765?
1645075
In base 7, what is 0 + -352266?
-352266
In base 5, what is -10244241114 - 111?
-10244241230
In base 3, what is -2111 + 2221010102?
2221000221
In base 12, what is -321a - 532?
-3750
In base 8, what is 14 + -6272163?
-6272147
In base 2, what is -101010010001011 - -111001100?
-101001010111111
In base 2, what is 1101011100001101000 + -111?
1101011100001100001
In base 6, what is 0 + 2001251040?
2001251040
In base 8, what is -31663 - 24165?
-56050
In base 2, what is 11010000110 + 1001011111110?
1100110000100
In base 16, what is -ed7 - 3d?
-f14
In base 13, what is -19b + 12852?
12684
In base 13, what is -3c58 - 1370?
-52c8
In base 13, what is 5 + -c2454b9?
-c2454b4
In base 16, what is 4e142 - -36c?
4e4ae
In base 6, what is -11001 + -452453?
-503454
In base 2, what is -1001111101101011 + 100001000110?
-1001011100100101
In base 2, what is 101100100110100000111 + 11101001?
101100100110111110000
In base 9, what is 4648426 - -3?
4648430
In base 4, what is -22132112 + -2023?
-22200201
In base 13, what is 14a2 - -3880?
5052
In base 13, what is 150 - -331?
481
In base 6, what is -101 - 1245210?
-1245311
In base 4, what is 100000313 + -13033?
33321220
In base 14, what is 146d - -158?
15c7
In base 12, what is -14a13562 + -3?
-14a13565
In base 15, what is 21 - 20577a?
-205759
In base 5, what is 212132324 + 344?
212133223
In base 12, what is 31ab + 3016?
6205
In base 16, what is 6f + 2aac5?
2ab34
In base 14, what is -25c19b + 3?
-25c198
In base 12, what is -1152503 + -2?
-1152505
In base 5, what is 34240314 + 424?
34241243
In base 13, what is -52a + 6626?
60c9
In base 4, what is -21 - -12202100121?
12202100100
In base 10, what is 2472 - 930?
1542
In base 5, what is -31240020401 + -3?
-31240020404
In base 11, what is -62936 - 9881?
-71707
In base 4, what is -1030 - 110000213?
-110001303
In base 5, what is -4101 - 11232134?
-11241240
In base 16, what is -27a0aa0 + -5?
-27a0aa5
In base 8, what is -16546453 - 13?
-16546466
In base 2, what is 10011010001101 - 1100001000?
10001110000101
In base 6, what is 253032 - -205?
253241
In base 7, what is 460 - 3225014?
-3224224
In base 2, what is 11 - -101101111000100101101101?
101101111000100101110000
In base 16, what is 4 + 44122a?
44122e
In base 7, what is -52566 - 213?
-53112
In base 14, what is -858b8 - 6?
-858c0
In base 6, what is -1103354024 + 5?
-1103354015
In base 14, what is -467926 - 4d?
-467975
In base 15, what is -8 - -3658d3?
3658ca
In base 16, what is 66b3c + a?
66b46
In base 8, what is 3 + 34707755?
34707760
In base 15, what is 0 + -25b574?
-25b574
In base 4, what is 20112101 + -1123?
20110312
In base 3, what is 11121010001211 + -122?
11121010001012
In base 3, what is -12 + 10010102212011?
10010102211222
In base 3, what is 22 - 20222001211121?
-20222001211022
In base 9, what is 111 + -2207415?
-2207304
In base 10, what is 7272 + 109793?
117065
In base 13, what is 21 - 90c91?
-90c70
In base 11, what is 250 - 957717?
-957477
In base 13, what is 68 - -22856?
228c1
In base 16, what is 357c9 - b?
357be
In base 6, what is 31 + -142004553?
-142004522
In base 11, what is 181922 - 50?
181882
In base 10, what is -60 + -1730068?
-1730128
In base 4, what is 200 + 1322221000?
1322221200
In base 2, what is 10000111 - 11110111111?
-11100111000
In base 7, what is 133644554 + -100?
133644454
In base 7, what is 4063 - -11601?
15664
In base 10, what is 5 + 351688?
351693
In base 12, what is -b58 - 13224?
-14180
In base 2, what 